 1. Calculate u(w).
3
Let r(x) be the second derivative of x**7/168 + x**6/360 - x**5/60 + x**4/24 - 11*x**3/6 - x. Let n(c) be the second derivative of r(c). Determine n(1).
5
Let r = 10 - 7. Let g(w) be the second derivative of 0*w**2 - 5/6*w**3 + 0 - 8*w + 1/12*w**4. What is g(r)?
-6
Let q(y) = y + 1. Suppose z + 1091 = 1090. Let i(d) be the first derivative of -2*d**2 - 12*d + 1. Let l(v) = z*i(v) - 5*q(v). What is l(4)?
3
Let f(h) = 3*h + 16. Let y be f(-4). Let b(t) = 4*t**3 - 5*t + 1. Let a(c) = -5*c**3 + c**2 + 6*c - 1. Let x(p) = -5*a(p) - 6*b(p). Give x(y).
-17
Let f(h) = -h**3 + 6*h**2 + 7*h + 10. Let o = -991 - -998. What is f(o)?
10
Let q(g) = 11*g**2 + g - g**2 + 8 - 6*g**2 + 5*g - 5*g**2. Let z be 8*((-14)/(-8) + -1). Give q(z).
8
Suppose 4*z - 5*l - 245 = -0*l, 3*z = -l + 160. Let a = -55 + z. Let f(m) = -4*m - 4. Let g(t) = -7*t - 9. Let q(s) = -5*f(s) + 3*g(s). Calculate q(a).
-7
Let u(h) = h**2 + 5*h - 7. Suppose -472*q + 464*q = 56. Give u(q).
7
Let v(s) = -11*s**3 - 2*s**2 + 1. Suppose 10*r = 1630 - 1620. Calculate v(r).
-12
Let r(w) = -w**3 + 11*w**2 - w + 14. Let n = 301 + -290. What is r(n)?
3
Let c(t) = -2*t - 4. Let u be ((-8)/5)/(8/(-220)). Let f = 31 - u. Let x be 80/f - (-4)/26. What is c(x)?
8
Suppose 0 = 2*q + 6 - 14. Suppose y = -q*y - 5. Let c(b) = -1 + 2 + 7*b - 4*b. What is c(y)?
-2
Let l(p) = -2*p - 10. Let f(x) = 2*x + 9. Let s(u) = -4*f(u) - 3*l(u). Suppose r = -23*r - 120. Calculate s(r).
4
Let o = 111 + -108. Let p(r) = -4*r + 22*r**2 + r**2 - 17*r**2 - o + 7*r. Determine p(2).
27
Let t(o) = o**3 - 8*o**2 - o + 10. Let n be t(8). Let c(l) = n + 3 - 56*l + 54*l. Give c(5).
-5
Let x(g) = -11*g**2 + 18*g - 1. Let j(w) be the second derivative of -w**4/3 + w**3 + 3*w. Let d(i) = 8*j(i) - 3*x(i). Let t = 3 + 0. What is d(t)?
-6
Let y(t) = 31*t**2 + 5*t - 9. Let c(f) = -11*f**2 - f + 3. Let q(g) = 17*c(g) + 6*y(g). Give q(13).
-3
Let a(s) = 0 + 0 + s**2 + 23*s + 2*s - 21*s. Calculate a(3).
21
Let g(x) be the second derivative of -x**5/20 - 11*x**4/12 - 3*x**3/2 - x**2/2 - 167*x. Calculate g(-10).
-11
Let v(g) be the second derivative of 7*g**4/2 + g**3/6 - 292*g. Give v(1).
43
Suppose 4*t + 5*g - 27 = -5, -2*g - 8 = -4*t. Let q(m) = -2*m - 351*m**3 + 350*m**t + 6 + 2*m**2 + 3*m**2 + m**2. Determine q(6).
-6
Let l be 2/(-3)*(-75)/10. Suppose 2*t + 9*x - 22 = 4*x, 5*t - 5*x + 15 = 0. Let h(y) = 8 - 4*y**3 - t + 6*y**2 + 3*y**3 - 3 - 6*y. Give h(l).
-1
Let m = 17 + -1. Suppose 0 = -5*s - 5*n + 9 + 11, 0 = -4*s - 5*n + m. Let y(g) = g**3 - 5*g**2 + 3*g - 1. What is y(s)?
-5
Suppose -4*m = -4*l - 168, l = -4*m + 3*l + 172. Let d = 44 - m. Let g(o) = -o**3 + o - 6. What is g(d)?
-6
Let g(w) = w**2 - w - 22. Suppose -6 = -d - 10. Let m be g(d). Let i(j) = -4*j**2 - 2*j - 1. Determine i(m).
-13
Suppose -2*m + 11 = 3*l + 5, 5*m - 4 = -2*l. Suppose -5*g + 19 = 4. Let y(t) = -2*t**2 - 33. Let v(w) = w**2 + 17. Let h(x) = g*y(x) + 5*v(x). Calculate h(m).
-14
Let p(q) = 4*q**2 - 14 - 119*q + 111*q - 3*q**2. Calculate p(9).
-5
Let u(t) = t. Let k(i) = 2*i + 1. Let j(g) = -4*k(g) + 9*u(g). What is j(2)?
-2
Let c(b) be the first derivative of b**3/3 + 7*b**2 + 13*b + 272. Determine c(-13).
0
Let j(c) = c**3 + c**2 - 1. Let b be -3 + 3 + 14 + -3. Let g = 13 - b. Calculate j(g).
11
Let r(o) = o**3 - 7*o**2 - 8*o + 8. Let l(j) be the second derivative of 11*j**3/6 - 3*j**2/2 + 2*j. Let z be l(1). Calculate r(z).
8
Let f(y) = y**2 - 2 - y**3 + 4*y + 11*y**3 - 9*y**3. Let b(z) = z**3 + z - 1. Let h(d) = -2*b(d) + f(d). Determine h(-2).
8
Let g(x) = -3*x**3 + x**2 + x - 1. Let l(a) = -a**2 - 4*a - 2. Suppose 4*o = 3*d - 11, 0*d = 5*d - 3*o. Let z be l(d). What is g(z)?
-2
Let s = -14 - -16. Let l(f) = -3 + 3*f - 6*f - 4 + s*f. Give l(-4).
-3
Suppose -9 = -5*y + 2*y. Suppose -3*a = -2*a - 5*s + y, 5*a - 63 = -s. Let q = a - 6. Let i(m) = -2*m + 6. Give i(q).
-6
Let q be 213/15 - ((-42)/(-10) - 4). Let d(x) = -x**2 + 15*x - 24. What is d(q)?
-10
Let y(z) = 1 - 4 - 25*z + 30*z - z**2. Suppose 9*q - 7 = 38. What is y(q)?
-3
Let r(d) = 2*d**3 - 6*d**2 + 3*d - 9. Let h(j) = 3*j**2 + 7*j - 17. Let o be h(-4). Determine r(o).
0
Let g(d) = d. Let h be 28/12 + 2/3. Suppose h*q + 4 = -2*z - 8, 3*z = 2*q + 8. What is g(z)?
0
Let f(v) = -v**2 + 10*v + 3. Let p(t) = 3*t - 10. Let x be p(6). What is f(x)?
19
Suppose 0 = 5*k - 4*o - 39, -3 = o + 2*o. Suppose -k - 9 = -4*r. Suppose -r*s = -0 - 12. Let w(f) = -3*f + 1. Give w(s).
-8
Let n(q) = -q**2 - 2*q + 7. Let m(o) = 5*o**2 + 3*o - 6. Let u be m(2). Suppose 0 = 8*i - 4*i + u. Calculate n(i).
-8
Let w(f) be the second derivative of -1/3*f**3 + 5/2*f**2 + 0 + 47*f + 1/20*f**5 - 1/3*f**4. Give w(4).
-3
Let z(c) = -c**3 + 7*c**2 + 7*c + 14. Let w be z(8). Let o(q) = -w*q + 1 + 1 + 6*q - 4*q. What is o(2)?
-6
Let z be 65/26*8/10. Let v be 3/(-2)*-2 + z. Let m(c) = -c**2 + 5*c + 4. What is m(v)?
4
Let d(a) = 3*a + 3. Suppose -p - v + 8 = -5, 4*p - 3*v - 17 = 0. Give d(p).
27
Let g(m) = -m + 4. Let c(j) = -j + 4 + 1 + 2 + 0*j. Let r be c(5). Suppose 3*z + t + 17 = 0, -3*z + 0*t + r*t = 20. What is g(z)?
10
Let y(q) = -q - 5. Suppose 12*c = -8*c. Calculate y(c).
-5
Let k = -118 - -121. Let n(x) = 2*x. Determine n(k).
6
Suppose -6*y + y - 30 = 0. Let i = y - -12. Let s(b) be the third derivative of -b**4/24 + b**3 + 376*b**2. Determine s(i).
0
Let b(o) be the third derivative of o**6/120 - 2*o**5/15 - 11*o**3/6 - 168*o**2. Give b(8).
-11
Let m(d) = 2*d**2 + 2*d + 2. Let u be m(-2). Let t(v) = 2 + 9 - 6*v - 5 + v**2 - 2*v. What is t(u)?
-6
Let y(v) be the second derivative of 0 - 1/6*v**3 + 3/2*v**2 - 1/12*v**4 - v. Let a = -19 - -19. Calculate y(a).
3
Let o(q) be the second derivative of -26*q - 1/12*q**4 + 0 - 1/6*q**3 + 2*q**2. Calculate o(3).
-8
Let c = 87 + -76. Let d(p) = -2*p**3 + 4 + c*p**3 - 7*p**3 - 3. Let w(x) = -x - 1. Let z be w(-2). What is d(z)?
3
Let i(s) = 4*s**2 - s + 7. Let r be (-2)/(-8) + (-68)/16. Let m(j) = -3*j**2 + j - 7. Let w(a) = r*i(a) - 5*m(a). Calculate w(0).
7
Let n(c) = 9 + c - 2*c - c - c + 4*c. What is n(8)?
17
Let l(r) = 3*r**3 - 16*r**2 + 6*r - 3. Let v be l(5). Let i(z) = 1 + 7*z**v + 4*z**3 - 14*z**3 + 5*z**3 + 4*z**3. Calculate i(7).
1
Let y(p) = p**2 + p + 7. Let v(w) = -2*w**2 - 2*w - 8. Let n(i) = -2*v(i) - 3*y(i). Let x be (3 - (-6)/(-3)) + 1. Suppose u - x*u = 0. Calculate n(u).
-5
Suppose 25 - 19 = -w. Let j = 7 - 2. Let s(d) = 0*d + 4*d**2 - 2*d + 2 - 2*d - j*d**2. Calculate s(w).
-10
Let j(u) = 227*u - 3 - 414*u - u**2 + 0 + 189*u. Suppose 3*x - 6 = 6. Give j(x).
-11
Let s(t) = t**2 - 6*t + 3. Let c be s(6). Let a(b) = 0*b + 19*b**2 + 20*b**2 - 40*b**2 + 3 + b. What is a(c)?
-3
Let b(t) = 2*t + 20. Let m be b(-9). Let a(n) = -10*n**2 + n**2 + 3*n**2 - n + 4*n**m. Give a(1).
-3
Let j(d) be the second derivative of -1/6*d**3 + 11/12*d**4 + 0 - 1/2*d**2 - d. Let s(y) = -y**2 + 3*y + 17. Let t be s(6). Determine j(t).
11
Let h(g) = 15 + 858139*g - 3 - 858141*g. What is h(-9)?
30
Let y(s) be the first derivative of 0*s + 1/24*s**4 - 1/2*s**2 + 7 + 0*s**3. Let f(r) be the second derivative of y(r). What is f(4)?
4
Let y = -1 + 11. Let s = 13 - y. Let k(b) = 3 + 5*b + 2*b**2 - b - s*b**2. Give k(5).
-2
Suppose 5*m + m - 18 = 0. Let x be (6/4)/((-3)/(-8)). Let t(c) = -1 + m*c + 1 + 2 - x*c. Determine t(5).
-3
Suppose -10*t - 288 = 14*t. Let z(k) = -k**3 - 12*k**2 + 11. What is z(t)?
11
Let v(h) be the second derivative of -h**4/12 - h**3/6 + 3*h**2/2 - 17*h + 10. Determine v(-3).
-3
Let k(h) = 4*h**2 - 1. Let m = 6 - 0. Suppose -m*b = -9*b + 3. What is k(b)?
3
Let p(s) = 65*s + 14*s**2 - 24*s - 66*s**3 + 210*s**3 - 69*s**3 + 8 - 74*s**3. Calculate p(-10).
-2
Let g be (48/20)/((-2)/(-10)). Suppose -4*t - 2*f = f - 13, -5*t + 5*f + 25 = 0. Suppose t*n - n = g. Let y(s) = -s**3 + 3*s**2 + 2*s + 5. Calculate y(n).
-3
Let i(k) = -3*k**2 + 2*k. Suppose -11 = 20*d + 29. Calculate i(d).
-16
Let u(f) = 23*f + 252. Let w be u(-11). Let m(x) = 18*x. Calculate m(w).
-18
Let h(x) be the third derivative of x**5/30 - 5*x**4/24 - x**3/3 - 31*x**2 + 4*x. Determine h(4).
10
Let r(z) be the second derivative of z**4/6 + 2*z**3/3 + 3*z**2/2 + 9*z. Suppose 5*g + 3*k + 9 = 0, 7 = g + 5*k - 0. Give r(g).
9
Let g(i) be the third derivative of -7*i**6/30 + i**4/24 - 2*i**2 + 13. Give 